ors of 5283546698.
2, 197, 1093, 12269
List the prime factors of 51410836.
2, 421, 30529
What are the prime factors of 158756660?
2, 5, 1877, 4229
What are the prime factors of 3385716578?
2, 83, 20395883
What are the prime factors of 41667001?
167, 249503
What are the prime factors of 6186832234?
2, 11, 37, 107, 251, 283
What are the prime factors of 2887138140?
2, 3, 5, 48118969
List the prime factors of 122108162.
2, 11, 47, 118093
What are the prime factors of 218907084?
2, 3, 11, 1658387
What are the prime factors of 7331577764?
2, 7, 37406009
List the prime factors of 48068860.
2, 5, 7, 17, 19, 1063
What are the prime factors of 76337611?
7, 19, 573967
What are the prime factors of 393933711?
3, 4261, 30817
List the prime factors of 149077328.
2, 9317333
List the prime factors of 580340022.
2, 3, 96723337
List the prime factors of 820009583.
67, 12238949
What are the prime factors of 23152117?
23152117
List the prime factors of 329632981.
509, 647609
What are the prime factors of 488306929?
11, 17, 499, 5233
List the prime factors of 465664253.
465664253
List the prime factors of 522480688.
2, 32655043
What are the prime factors of 506748812?
2, 126687203
List the prime factors of 165451554.
2, 3, 29, 316957
What are the prime factors of 645808359?
3, 7, 17, 106411
List the prime factors of 323659893.
3, 151, 714481
List the prime factors of 155539021.
11, 14139911
What are the prime factors of 656836719?
3, 7, 11, 406207
List the prime factors of 34736797.
17, 2043341
What are the prime factors of 30321351?
3, 149, 7537
List the prime factors of 62145690.
2, 3, 5, 587, 3529
List the prime factors of 71535998.
2, 35767999
What are the prime factors of 350175465?
3, 5, 41, 189797
What are the prime factors of 153143005?
5, 30628601
What are the prime factors of 66486271?
1451, 45821
What are the prime factors of 3399739440?
2, 3, 5, 347, 40823
List the prime factors of 35548016.
2, 7, 503, 631
What are the prime factors of 324479736?
2, 3, 7, 214603
List the prime factors of 58542443.
1699, 34457
List the prime factors of 1583871.
3, 41, 79, 163
List the prime factors of 2362661528.
2, 31, 163, 211, 277
List the prime factors of 9205779.
3, 11, 83, 3361
List the prime factors of 322536463.
29, 41, 61, 4447
What are the prime factors of 6169336713?
3, 23, 29803559
What are the prime factors of 57510081?
3, 78889
List the prime factors of 46892718.
2, 3, 73, 127, 281
What are the prime factors of 347520064?
2, 23, 236087
List the prime factors of 53342663.
11, 257, 18869
List the prime factors of 2309432603.
29, 79635607
What are the prime factors of 125073007?
509, 245723
List the prime factors of 294041642.
2, 147020821
List the prime factors of 56529784.
2, 37, 190979
List the prime factors of 1737814084.
2, 59, 7363619
What are the prime factors of 48530952?
2, 3, 821
List the prime factors of 49388091.
3, 101, 162997
What are the prime factors of 1226055890?
2, 5, 31, 53, 74623
What are the prime factors of 59289119?
59289119
List the prime factors of 454154752.
2, 83, 10687
List the prime factors of 118877632.
2, 571, 3253
What are the prime factors of 3254882794?
2, 34583, 47059
List the prime factors of 1378137080.
2, 5, 34453427
What are the prime factors of 37122751?
19, 1953829
What are the prime factors of 195724550?
2, 5, 7, 559213
What are the prime factors of 188724465?
3, 5, 1397959
List the prime factors of 40228246.
2, 20114123
What are the prime factors of 3000403459?
113, 1979, 13417
List the prime factors of 86230993.
3119, 27647
List the prime factors of 57973172.
2, 14493293
What are the prime factors of 26556742?
2, 13278371
List the prime factors of 9063080.
2, 5, 13, 29, 601
What are the prime factors of 971283088?
2, 53, 1145381
What are the prime factors of 17537074?
2, 139, 199, 317
List the prime factors of 21924825.
3, 5, 13, 113, 199
List the prime factors of 45027178.
2, 7, 263, 1747
What are the prime factors of 86521237?
11, 991, 7937
List the prime factors of 7266121525.
5, 13, 67, 333691
What are the prime factors of 31609341?
3, 17, 206597
List the prime factors of 655199031.
3, 4003, 54559
What are the prime factors of 1228415814?
2, 3, 29, 719, 1091
List the prime factors of 246866359.
227, 1087517
List the prime factors of 1896931973.
7523, 252151
List the prime factors of 4455155673.
3, 53, 269, 34721
List the prime factors of 2401432325.
5, 17, 19, 297391
What are the prime factors of 7522874?
2, 17, 221261
What are the prime factors of 28605307?
23, 1243709
What are the prime factors of 885228755?
5, 177045751
List the prime factors of 1768695810.
2, 3, 5, 7, 17, 495433
List the prime factors of 47626491.
3, 11, 23, 131, 479
What are the prime factors of 1310940460?
2, 5, 107, 612589
What are the prime factors of 18295116?
2, 3, 7, 433, 503
What are the prime factors of 8959422?
2, 3, 47, 31771
List the prime factors of 188815505.
5, 3449, 10949
What are the prime factors of 147894551?
7, 1993, 10601
List the prime factors of 93568529.
29, 1061, 3041
What are the prime factors of 3347785751?
41, 8669, 9419
What are the prime factors of 1986506?
2, 993253
List the prime factors of 125467518.
2, 3, 11, 37, 191, 269
What are the prime factors of 75135318?
2, 3, 12522553
List the prime factors of 476698387.
11, 43, 1007819
What are the prime factors of 82970045?
5, 239, 69431
List the prime factors of 2258095913.
5743, 393191
What are the prime factors of 271362158?
2, 31, 349, 12541
What are the prime factors of 58302479?
241, 241919
List the prime factors of 526332839.
79, 379, 17579
List the prime factors of 24272353.
7, 3467479
What are the prime factors of 344171092?
2, 19, 4528567
List the prime factors of 344387481.
3, 53, 2165959
What are the prime factors of 4227761711?
4227761711
What are the prime factors of 899943687?
3, 99993743
What are the prime factors of 7838113?
7838113
List the prime factors of 36682274.
2, 19, 29, 33287
List the prime factors of 21813309.
3, 7, 151, 2293
What are the prime factors of 69892022?
2, 34946011
What are the prime factors of 2149768741?
109, 19722649
List the prime factors of 44617909.
7, 19, 335473
What are the prime factors of 387624791?
387624791
What are the prime factors of 736090976?
2, 2437, 9439
What are the prime factors of 44871850?
2, 5, 23, 39019
List the prime factors of 363029183.
11, 59, 559367
List the prime factors of 42413567.
7, 19, 45557
What are the prime factors of 1283805915?
3, 5, 7, 17, 42307
What are the prime factors of 70491316?
2, 7, 17, 148091
What are the prime factors of 477432900?
2, 3, 5, 7, 25261
List the prime factors of 990496754.
2, 13, 53, 113, 6361
List the prime factors of 308628246.
2, 3, 51438041
What are the prime factors of 943062240?
2, 3, 5, 43, 45691
What are the prime factors of 1111514094?
2, 3, 17, 3632399
List the prime factors of 148282561.
7, 21183223
List the prime factors of 7659483.
3, 13, 23, 8539
List the prime factors of 4972497330.
2, 3, 5, 165749911
What are the prime factors of 1182007949?
101, 11703049
List the prime factors of 155549675.
5, 19, 327473
What are the prime factors of 8723563164?
2, 3, 103, 784211
What are the prime factors of 120329650?
2, 5, 7, 343799
What are the prime factors of 40401822?
2, 3, 6733637
What are the prime factors of 117860912?
2, 13, 566639
List the prime factors of 38431574.
2, 23, 835469
List the prime factors of 439671319.
409, 1074991
List the prime factors of 21209886.
2, 3, 163, 7229
What are the prime factors of 683487755?
5, 4099, 33349
What are the prime factors of 98104988?
2, 193, 127079
List the prime factors of 152845188.
2, 3, 12737099
What are the prime factors of 402305900?
2, 5, 47, 85597
What are the prime factors of 209834803?
19, 11043937
What are the prime factors of 3536022836?
2, 53, 2441, 6833
List the prime factors of 118234001.
118234001
List the prime factors of 601444320.
2, 3, 5, 593, 2113
What are the prime factors of 402038785?
5, 80407757
What are the prime factors of 28063620?
2, 3, 5, 13, 67, 179
What are the prime factors of 26676339?
3, 2081, 4273
What are the prime factors of 2534308284?
2, 3, 463, 491, 929
List the prime factors of 44662568.
2, 31, 73, 2467
What are the prime factors of 696568153?
47, 14820599
What a